- (6 - 4)). Let z(d) = -7*d - 1. Let x be z(-1). Let a = c + x. What is the units digit of a?
1
Suppose 2*j = c + 938, -13*c + 1900 = 4*j - 9*c. What is the units digit of j?
1
Let h(s) = -13*s - 57. Let r be h(-9). Let v = 107 - r. What is the units digit of v?
7
Suppose 16*c = -12*c + 19180. What is the tens digit of c?
8
Let h(r) = -r**3 - 8*r**2 + 10*r + 20. Let i(m) = -m**2 - 2*m - 9. Let n be i(0). What is the tens digit of h(n)?
1
Let u(s) = s**2 - 2*s - 1. Suppose 0 = -o + g - 1, 3*g = 2*o + 4*g + 2. Let y be (-1)/o*(-6 + 2). What is the tens digit of u(y)?
2
Let b(n) = -n**2 - n + 3. Let c be b(-2). Let w = -4 + c. What is the units digit of w - 0 - 23*-2?
3
Suppose 0 = 4*k + 5*f - 10723, -3*k + 10*f = 12*f - 8044. What is the tens digit of k?
8
Let m(w) = 20*w**2 - 4*w - 9. Let i(a) be the first derivative of -10*a**3/3 + a**2 + 4*a - 2. Let c(y) = -5*i(y) - 2*m(y). What is the units digit of c(-2)?
2
Suppose 3*z - 18 = -6. Let k be (3 + 17)/z + 1. Suppose k*i - 5*i = 27. What is the tens digit of i?
2
Suppose -24 = w - 3*w. Let y = -10 + w. Suppose 5*u - 32 = -y. What is the units digit of u?
6
Let h = -28 + 25. Suppose -c = 4*k + c + 14, 5*c + 25 = -5*k. What is the tens digit of (h - k) + (-1 - -42)?
4
Let j(k) = -95*k**3 + 21*k**2 + 73*k - 2. What is the hundreds digit of j(-3)?
5
Let c = -20 - 5. What is the units digit of 8/(-10) - 1145/c?
5
Let k = -147 + 213. Suppose -2*i + k + 34 = 0. What is the units digit of i?
0
Let j be -3 + (-5)/((-10)/12). Suppose -j*y = -0*y - 354. What is the tens digit of y?
1
Let o(b) = 2*b**2 - 10. Let s be o(9). Suppose s - 16 = 4*v. Let g = v + -31. What is the units digit of g?
3
Let g(h) = 7*h + 301. What is the tens digit of g(0)?
0
Let x = 259 + -91. Suppose 70 = 2*r - 2*g, x = r + 4*r + 2*g. What is the units digit of r?
4
Suppose 0 = -13*j + 15*j - 20. What is the units digit of (-24)/15 + (-4)/j - -9?
7
Let i(d) = -d**2 + 17*d + 6. Let y be i(14). What is the units digit of (2/(-4))/((-8)/y)?
3
Let l(u) = -2*u**2 + 8*u + 10. Let y be l(5). Suppose -j = -3*s - 290, y*j + 3*s = -4*j + 1175. What is the units digit of j?
3
Let w = -122 + -18. What is the units digit of 1360/w*3/(6/(-7))?
4
Let o = -667 + 960. What is the units digit of o?
3
Suppose -148 - 596 = -8*m. Let a = 211 - m. What is the hundreds digit of a?
1
Let u(l) = 5*l**2 + 0 - 2*l + 3*l**2 - 2 - 5*l**2. What is the units digit of u(3)?
9
Let d = 93 - 81. What is the tens digit of 3*-14*d/(-8)?
6
Let h(n) = n**3 - n**2 - 4. Let q be h(0). Let r be q/(3 + 15/(-3)). Suppose r*s - 32 = -2*s. What is the units digit of s?
8
Let w = 86 + -82. Suppose -w*v = z - 32, 0 = -z - v + 4*v + 11. What is the tens digit of z?
2
Let y = 931 + 2241. What is the units digit of y?
2
Let g(o) = -o**2 + 26*o - 109. What is the tens digit of g(20)?
1
Let g(o) = 9*o**2 + 10 - 90*o + 89*o - 1. What is the units digit of g(3)?
7
Let r(s) = s**2 - 6*s + 71. What is the hundreds digit of r(-7)?
1
Let a(n) = -n**3 - 7*n**2 - 9*n - 6. Suppose 47 = -5*o - 5*h - 8, -4*h - 16 = 0. What is the tens digit of a(o)?
5
Let q be (-69)/(-9) - (-2)/(-3). Let k(o) = -o**2. Let h(n) = -5*n**2 + 3*n - 3. Let l(p) = -h(p) + 4*k(p). What is the units digit of l(q)?
1
Suppose 22*t - 25*t + 5901 = 0. What is the units digit of t?
7
Let i = -238 + 298. What is the tens digit of i?
6
Let m(y) = -y**3 - 3*y**2 + 2*y - 4. Let l be m(-4). Let p be ((-20)/12*-3 - 3) + 40. Suppose -l*c = -p - 70. What is the units digit of c?
8
Suppose 3*u = -3*p + 3357, p - 2243 = -2*u - 2*p. What is the thousands digit of u?
1
Let n be -3*12/(-9)*1. Suppose 5*m + 4*r - n = 8*r, 5 = m - 5*r. Suppose g - 12 + m = 0. What is the units digit of g?
2
Let j = 683 + -179. What is the units digit of j?
4
Let y(r) be the first derivative of 5*r**4/4 - 8*r**3/3 + 4*r**2 + r + 40. What is the units digit of y(4)?
5
Let h = -359 + 466. What is the tens digit of h?
0
Let v(z) = -34*z - 24. Let r be v(-6). Suppose 0 = 3*m - 4*i - 122, 5*m - i - r = i. What is the units digit of m?
4
Let c(p) be the second derivative of p**4/6 - p**3 - 15*p**2/2 + 7*p. What is the units digit of c(8)?
5
Suppose 2*h + 0 = 10. Let d = 1 - h. What is the tens digit of ((d + 3)*27)/(-1)?
2
Let r(f) = 4*f - 7. Let i be r(6). Let t = 45 - i. Let n = t + 1. What is the tens digit of n?
2
Suppose 267 = 6*i - 1221. What is the units digit of i?
8
Suppose -3*i - 50 = -8*i. Suppose i - 4 = -2*t. What is the tens digit of 27 - (t + (2 - -3))?
2
Let b = 60 + -99. Let d = b + 159. What is the hundreds digit of d?
1
Suppose 0 = -p + 8*p - 21. Let n(u) = -12*u - 20 + 5*u - p*u. What is the units digit of n(-7)?
0
Suppose -3*f + 3*p - 6 = 0, -2*f - 4*p + 31 = p. Suppose -f*c = -2*c - 29. What is the tens digit of (0 - c)/(-8 - -7)?
2
What is the hundreds digit of (2/(-3))/((-18)/(-11907)*-3)?
1
Let a = -217 - -253. What is the units digit of a?
6
Suppose -2*a = -2*y - 2, 4*y - a + 3 + 10 = 0. Let j be 18/y*104/(-12). Let h = j + 8. What is the tens digit of h?
4
Suppose -1 = -2*l + 3. Suppose 2*y + l*y = 372. Suppose -11*p = -8*p - y. What is the units digit of p?
1
Let a be 50/(-325) - 4/(-26). Suppose a = 3*w + m - 445, 3*w = w + m + 295. What is the units digit of w?
8
Let p(n) be the second derivative of n**4/12 - n**3/6 - 3*n**2 - 8*n. What is the tens digit of p(-6)?
3
Let c = 32 + 292. Suppose 0 = -3*y - 2*y - h + c, 0 = -5*h - 5. Suppose y = 5*z - 0*z + 3*b, 3*b = 15. What is the units digit of z?
0
Let u = -19 - -21. Suppose -166 = -3*a + u*h, -2*a - 2*h + 59 = -35. What is the tens digit of ((-6)/(-4))/(3/a)?
2
Let k be 2/(-3) - 106/(-6). Let m be k*(0/4 + -1). Let u = 3 - m. What is the units digit of u?
0
Suppose -5*g = -2*p - 633, -3*p + p - 508 = -4*g. What is the units digit of g?
5
Suppose -2*i = -i - 56. Let g = -37 + i. Suppose b - g = 17. What is the tens digit of b?
3
What is the hundreds digit of ((-3976)/(-10))/(-1 + (-63)/(-45))?
9
Let r(v) = 145*v**2 - 4*v + 3. Let g be r(1). Suppose 5*h - g = 3*h. What is the units digit of h?
2
Suppose -1841*u + 1836*u = -70. What is the units digit of u?
4
Suppose -6 = -k - 4. Suppose 2*h + k*h = 4*a + 264, 360 = 5*h + 5*a. What is the units digit of h?
9
Suppose 0 = 37*l + 20*l - 208962. What is the units digit of l?
6
Suppose -5*c = -2*j + 424, j - 4*c - 206 = -0*j. Suppose 0 = 3*s - 237 - j. What is the hundreds digit of s?
1
Let n(v) = -68*v - 13. What is the units digit of n(-4)?
9
What is the thousands digit of (2 - 42)*24102/(-156)?
6
Let g(r) = 2*r**2 + 14*r - 52. What is the tens digit of g(-19)?
0
Let a(p) = -p**3 - p**2 + 7*p - 6. Let c be a(2). Let y(t) = -t**3 + t**2 - t - 21. What is the units digit of y(c)?
3
Let w = 3402 - 1900. Suppose w + 2073 = 13*y. What is the units digit of y?
5
Let i be (-2)/8 - (-2562)/(-24). Let d = 22 - i. Suppose 3*j - 10 = -1, d = 4*q + 3*j. What is the units digit of q?
0
Suppose 0 = -p + 189 + 1777. What is the thousands digit of p?
1
Let r(n) = -21*n + 16. Let k be r(9). Let j = -31 - k. Let w = -81 + j. What is the tens digit of w?
6
Let l(i) = -i**3 + 15*i**2 - 27*i + 15. Let a be l(13). What is the units digit of a - (-4)/(8/(-2)) - -81?
2
Let y(k) = -5*k**2 + 19*k - 3. Let j be y(6). Let p = j + 121. What is the tens digit of p?
5
Let z(u) = 2*u**2 - 65*u + 85. What is the units digit of z(38)?
3
Suppose -12321 - 6195 = -12*q. What is the thousands digit of q?
1
Suppose -2239 = -4*p + 3*l, -5*l + 2263 = 3*p + p. What is the units digit of p?
2
Let o = 11 - 8. Suppose -59 = -3*m + h, 3*m + 103 = 8*m + o*h. What is the units digit of (4 - m/4) + 38?
7
Suppose 0 = 5*k - 3*y - 14, 2*k - 6 = -k + 3*y. Suppose -k*o + 12 = -l, -3 - 5 = -2*l. Suppose 0 = o*v - 47 + 3. What is the tens digit of v?
1
Let o(q) = -75 - 16*q + 36 + 27 + 2*q**2. Let w be o(9). Let k = 19 + w. What is the units digit of k?
5
Suppose -c + 2*l - 328 = 0, -2*c - 1262 = 2*c + 2*l. Let p = -101 - c. What is the units digit of p?
7
Suppose 7*j - 5 = 30. Suppose -5*y - 13 = -q, 0*q - j*q + 4*y = -170. What is the units digit of q?
8
Suppose 17 - 21 = -2*n. What is the units digit of (2/n)/((-1)/(-15))?
5
Suppose 20*o = 9843 + 5777. What is the tens digit of o?
8
Let h = 4648 + -2281. What is the units digit of h?
7
Suppose -4*x = y + x - 21, -2*x = -4*y + 18. Let s